{"version":"1.0","provider_name":"Mediterra Group","provider_url":"https:\/\/mediterra.group\/tr\/","author_name":"prfj","author_url":"https:\/\/mediterra.group\/tr\/author\/prfj\/","title":"Uluslararas\u0131 Gayrimenkul Premium ve Business Class - Rusya'da St. - Mediterra Group","type":"rich","width":600,"height":338,"html":"<blockquote class=\"wp-embedded-content\" data-secret=\"dtrKJiBLJD\"><a href=\"https:\/\/mediterra.group\/tr\/uluslararasi-gayrimenkul-premium-ve-business-class-rusyada-st\/\">Uluslararas\u0131 Gayrimenkul Premium ve Business Class &#8211; Rusya&#8217;da St.<\/a><\/blockquote><iframe sandbox=\"allow-scripts\" security=\"restricted\" src=\"https:\/\/mediterra.group\/tr\/uluslararasi-gayrimenkul-premium-ve-business-class-rusyada-st\/embed\/#?secret=dtrKJiBLJD\" width=\"600\" height=\"338\" title=\"&#8220;Uluslararas\u0131 Gayrimenkul Premium ve Business Class &#8211; Rusya&#8217;da St.&#8221; &#8212; Mediterra Group\" data-secret=\"dtrKJiBLJD\" frameborder=\"0\" marginwidth=\"0\" marginheight=\"0\" scrolling=\"no\" class=\"wp-embedded-content\"><\/iframe><script type=\"text\/javascript\">\n\/* <![CDATA[ *\/\n\/*! This file is auto-generated *\/\n!function(d,l){\"use strict\";l.querySelector&&d.addEventListener&&\"undefined\"!=typeof URL&&(d.wp=d.wp||{},d.wp.receiveEmbedMessage||(d.wp.receiveEmbedMessage=function(e){var t=e.data;if((t||t.secret||t.message||t.value)&&!\/[^a-zA-Z0-9]\/.test(t.secret)){for(var s,r,n,a=l.querySelectorAll('iframe[data-secret=\"'+t.secret+'\"]'),o=l.querySelectorAll('blockquote[data-secret=\"'+t.secret+'\"]'),c=new RegExp(\"^https?:$\",\"i\"),i=0;i<o.length;i++)o[i].style.display=\"none\";for(i=0;i<a.length;i++)s=a[i],e.source===s.contentWindow&&(s.removeAttribute(\"style\"),\"height\"===t.message?(1e3<(r=parseInt(t.value,10))?r=1e3:~~r<200&&(r=200),s.height=r):\"link\"===t.message&&(r=new URL(s.getAttribute(\"src\")),n=new URL(t.value),c.test(n.protocol))&&n.host===r.host&&l.activeElement===s&&(d.top.location.href=t.value))}},d.addEventListener(\"message\",d.wp.receiveEmbedMessage,!1),l.addEventListener(\"DOMContentLoaded\",function(){for(var e,t,s=l.querySelectorAll(\"iframe.wp-embedded-content\"),r=0;r<s.length;r++)(t=(e=s[r]).getAttribute(\"data-secret\"))||(t=Math.random().toString(36).substring(2,12),e.src+=\"#?secret=\"+t,e.setAttribute(\"data-secret\",t)),e.contentWindow.postMessage({message:\"ready\",secret:t},\"*\")},!1)))}(window,document);\n\/\/# sourceURL=https:\/\/mediterra.group\/wp-includes\/js\/wp-embed.min.js\n\/* ]]> *\/\n<\/script>\n","thumbnail_url":"https:\/\/mediterra.group\/wp-content\/uploads\/2025\/06\/kapak-international-real-estate-premium-and-business-class-st-petersburg-in-russia-result16975354938566AZvKx.webp","thumbnail_width":440,"thumbnail_height":225,"description":"29-30 Eyl\u00fcl, 2023 St. Petersburg Expo Olduk\u00e7a verimli ge\u00e7en Moskova etkinli\u011finin ard\u0131ndan bir sonraki dura\u011f\u0131m\u0131z St. Rus al\u0131c\u0131lara Kuzey K\u0131br\u0131s&#8217;\u0131n ayr\u0131cal\u0131kl\u0131 d\u00fcnyas\u0131n\u0131n kap\u0131lar\u0131n\u0131 bir kez daha a\u00e7t\u0131k. Burada da Akdeniz \u00fclkelerindeki ya\u015fam ve yat\u0131r\u0131m f\u0131rsatlar\u0131na ilgi duyan bir kitle vard\u0131. Yat\u0131r\u0131m maliyetlerinin k\u0131sa s\u00fcrede geri d\u00f6n\u00fc\u015f\u00fc ve Kuzey K\u0131br\u0131s&#8217;taki m\u00fclklerin kira getirisi de dikkatlerini \u00e7ekti. [&hellip;]"}

Uluslararası Gayrimenkul Premium ve Business Class - Rusya'da St. - Mediterra Group

<blockquote class="wp-embedded-content" data-secret="dtrKJiBLJD"><a href="https://mediterra.group/tr/uluslararasi-gayrimenkul-premium-ve-business-class-rusyada-st/">Uluslararası Gayrimenkul Premium ve Business Class &#8211; Rusya&#8217;da St.</a></blockquote><iframe sandbox="allow-scripts" security="restricted" src="https://mediterra.group/tr/uluslararasi-gayrimenkul-premium-ve-business-class-rusyada-st/embed/#?secret=dtrKJiBLJD" width="600" height="338" title="&#8220;Uluslararası Gayrimenkul Premium ve Business Class &#8211; Rusya&#8217;da St.&#8221; &#8212; Mediterra Group" data-secret="dtrKJiBLJD" frameborder="0" marginwidth="0" marginheight="0" scrolling="no" class="wp-embedded-content"></iframe><script type="text/javascript">
/* <![CDATA[ */
/*! This file is auto-generated */
!function(d,l){"use strict";l.querySelector&&d.addEventListener&&"undefined"!=typeof URL&&(d.wp=d.wp||{},d.wp.receiveEmbedMessage||(d.wp.receiveEmbedMessage=function(e){var t=e.data;if((t||t.secret||t.message||t.value)&&!/[^a-zA-Z0-9]/.test(t.secret)){for(var s,r,n,a=l.querySelectorAll('iframe[data-secret="'+t.secret+'"]'),o=l.querySelectorAll('blockquote[data-secret="'+t.secret+'"]'),c=new RegExp("^https?:$","i"),i=0;i<o.length;i++)o[i].style.display="none";for(i=0;i<a.length;i++)s=a[i],e.source===s.contentWindow&&(s.removeAttribute("style"),"height"===t.message?(1e3<(r=parseInt(t.value,10))?r=1e3:~~r<200&&(r=200),s.height=r):"link"===t.message&&(r=new URL(s.getAttribute("src")),n=new URL(t.value),c.test(n.protocol))&&n.host===r.host&&l.activeElement===s&&(d.top.location.href=t.value))}},d.addEventListener("message",d.wp.receiveEmbedMessage,!1),l.addEventListener("DOMContentLoaded",function(){for(var e,t,s=l.querySelectorAll("iframe.wp-embedded-content"),r=0;r<s.length;r++)(t=(e=s[r]).getAttribute("data-secret"))||(t=Math.random().toString(36).substring(2,12),e.src+="#?secret="+t,e.setAttribute("data-secret",t)),e.contentWindow.postMessage({message:"ready",secret:t},"*")},!1)))}(window,document);
//# sourceURL=https://mediterra.group/wp-includes/js/wp-embed.min.js
/* ]]> */
</script>

29-30 Eylül, 2023 St. Petersburg Expo Oldukça verimli geçen Moskova etkinliğinin ardından bir sonraki durağımız St. Rus alıcılara Kuzey Kıbrıs&#8217;ın ayrıcalıklı dünyasının kapılarını bir kez daha açtık. Burada da Akdeniz ülkelerindeki yaşam ve yatırım fırsatlarına ilgi duyan bir kitle vardı. Yatırım maliyetlerinin kısa sürede geri dönüşü ve Kuzey Kıbrıs&#8217;taki mülklerin kira getirisi de dikkatlerini çekti. [&hellip;]
