{"version":"1.0","provider_name":"Mediterra Group","provider_url":"https:\/\/mediterra.group\/tr\/","author_name":"prfj","author_url":"https:\/\/mediterra.group\/tr\/author\/prfj\/","title":"Hollanda'deki Second Home Utrecht - Mediterra Group","type":"rich","width":600,"height":338,"html":"<blockquote class=\"wp-embedded-content\" data-secret=\"ZqXYVN2dza\"><a href=\"https:\/\/mediterra.group\/tr\/hollandadeki-second-home-utrecht\/\">Hollanda&#8217;deki Second Home Utrecht<\/a><\/blockquote><iframe sandbox=\"allow-scripts\" security=\"restricted\" src=\"https:\/\/mediterra.group\/tr\/hollandadeki-second-home-utrecht\/embed\/#?secret=ZqXYVN2dza\" width=\"600\" height=\"338\" title=\"&#8220;Hollanda&#8217;deki Second Home Utrecht&#8221; &#8212; Mediterra Group\" data-secret=\"ZqXYVN2dza\" frameborder=\"0\" marginwidth=\"0\" marginheight=\"0\" scrolling=\"no\" class=\"wp-embedded-content\"><\/iframe><script type=\"text\/javascript\">\n\/* <![CDATA[ *\/\n\/*! This file is auto-generated *\/\n!function(d,l){\"use strict\";l.querySelector&&d.addEventListener&&\"undefined\"!=typeof URL&&(d.wp=d.wp||{},d.wp.receiveEmbedMessage||(d.wp.receiveEmbedMessage=function(e){var t=e.data;if((t||t.secret||t.message||t.value)&&!\/[^a-zA-Z0-9]\/.test(t.secret)){for(var s,r,n,a=l.querySelectorAll('iframe[data-secret=\"'+t.secret+'\"]'),o=l.querySelectorAll('blockquote[data-secret=\"'+t.secret+'\"]'),c=new RegExp(\"^https?:$\",\"i\"),i=0;i<o.length;i++)o[i].style.display=\"none\";for(i=0;i<a.length;i++)s=a[i],e.source===s.contentWindow&&(s.removeAttribute(\"style\"),\"height\"===t.message?(1e3<(r=parseInt(t.value,10))?r=1e3:~~r<200&&(r=200),s.height=r):\"link\"===t.message&&(r=new URL(s.getAttribute(\"src\")),n=new URL(t.value),c.test(n.protocol))&&n.host===r.host&&l.activeElement===s&&(d.top.location.href=t.value))}},d.addEventListener(\"message\",d.wp.receiveEmbedMessage,!1),l.addEventListener(\"DOMContentLoaded\",function(){for(var e,t,s=l.querySelectorAll(\"iframe.wp-embedded-content\"),r=0;r<s.length;r++)(t=(e=s[r]).getAttribute(\"data-secret\"))||(t=Math.random().toString(36).substring(2,12),e.src+=\"#?secret=\"+t,e.setAttribute(\"data-secret\",t)),e.contentWindow.postMessage({message:\"ready\",secret:t},\"*\")},!1)))}(window,document);\n\/\/# sourceURL=https:\/\/mediterra.group\/wp-includes\/js\/wp-embed.min.js\n\/* ]]> *\/\n<\/script>\n","thumbnail_url":"https:\/\/mediterra.group\/wp-content\/uploads\/2025\/06\/kapak-second-home-utrecht-in-netherlands-result16975357490468oBfr9.webp","thumbnail_width":440,"thumbnail_height":225,"description":"29 Eyl\u00fcl &#8211; 01 Ekim, 2023 Utrecht Expo \u0130ki y\u0131ld\u0131r kat\u0131ld\u0131\u011f\u0131m\u0131z fuar, Hollanda ve yak\u0131n \u00fclkelerden gelen ger\u00e7ek al\u0131c\u0131lara her zaman kap\u0131lar\u0131n\u0131 a\u00e7\u0131yor. Yat\u0131r\u0131m\u0131n \u00f6tesinde ya\u015famak i\u00e7in hayalindeki \u00fclkeyi arayan yeni al\u0131c\u0131larla tan\u0131\u015fma f\u0131rsat\u0131 buluyoruz. Bu y\u00fczden Second Home bizim i\u00e7in her zaman ayr\u0131 bir \u00f6nem ta\u015f\u0131yor ve her y\u0131l heyecanla kat\u0131lmaya devam edece\u011fiz. Kuzey [&hellip;]"}

29 Eylül &#8211; 01 Ekim, 2023 Utrecht Expo İki yıldır katıldığımız fuar, Hollanda ve yakın ülkelerden gelen gerçek alıcılara her zaman kapılarını açıyor. Yatırımın ötesinde yaşamak için hayalindeki ülkeyi arayan yeni alıcılarla tanışma fırsatı buluyoruz. Bu yüzden Second Home bizim için her zaman ayrı bir önem taşıyor ve her yıl heyecanla katılmaya devam edeceğiz. Kuzey [&hellip;]
