{"version":"1.0","provider_name":"Mediterra Group","provider_url":"https:\/\/mediterra.group\/tr\/","author_name":"prfj","author_url":"https:\/\/mediterra.group\/tr\/author\/prfj\/","title":"Hollanda Fuar\u0131: Emigratiebeurs'deydik! - Mediterra Group","type":"rich","width":600,"height":338,"html":"<blockquote class=\"wp-embedded-content\" data-secret=\"xGIi1Av6qB\"><a href=\"https:\/\/mediterra.group\/tr\/hollanda-fuari-emigratiebeursdeydik\/\">Hollanda Fuar\u0131: Emigratiebeurs&#8217;deydik!<\/a><\/blockquote><iframe sandbox=\"allow-scripts\" security=\"restricted\" src=\"https:\/\/mediterra.group\/tr\/hollanda-fuari-emigratiebeursdeydik\/embed\/#?secret=xGIi1Av6qB\" width=\"600\" height=\"338\" title=\"&#8220;Hollanda Fuar\u0131: Emigratiebeurs&#8217;deydik!&#8221; &#8212; Mediterra Group\" data-secret=\"xGIi1Av6qB\" frameborder=\"0\" marginwidth=\"0\" marginheight=\"0\" scrolling=\"no\" class=\"wp-embedded-content\"><\/iframe><script type=\"text\/javascript\">\n\/* <![CDATA[ *\/\n\/*! This file is auto-generated *\/\n!function(d,l){\"use strict\";l.querySelector&&d.addEventListener&&\"undefined\"!=typeof URL&&(d.wp=d.wp||{},d.wp.receiveEmbedMessage||(d.wp.receiveEmbedMessage=function(e){var t=e.data;if((t||t.secret||t.message||t.value)&&!\/[^a-zA-Z0-9]\/.test(t.secret)){for(var s,r,n,a=l.querySelectorAll('iframe[data-secret=\"'+t.secret+'\"]'),o=l.querySelectorAll('blockquote[data-secret=\"'+t.secret+'\"]'),c=new RegExp(\"^https?:$\",\"i\"),i=0;i<o.length;i++)o[i].style.display=\"none\";for(i=0;i<a.length;i++)s=a[i],e.source===s.contentWindow&&(s.removeAttribute(\"style\"),\"height\"===t.message?(1e3<(r=parseInt(t.value,10))?r=1e3:~~r<200&&(r=200),s.height=r):\"link\"===t.message&&(r=new URL(s.getAttribute(\"src\")),n=new URL(t.value),c.test(n.protocol))&&n.host===r.host&&l.activeElement===s&&(d.top.location.href=t.value))}},d.addEventListener(\"message\",d.wp.receiveEmbedMessage,!1),l.addEventListener(\"DOMContentLoaded\",function(){for(var e,t,s=l.querySelectorAll(\"iframe.wp-embedded-content\"),r=0;r<s.length;r++)(t=(e=s[r]).getAttribute(\"data-secret\"))||(t=Math.random().toString(36).substring(2,12),e.src+=\"#?secret=\"+t,e.setAttribute(\"data-secret\",t)),e.contentWindow.postMessage({message:\"ready\",secret:t},\"*\")},!1)))}(window,document);\n\/\/# sourceURL=https:\/\/mediterra.group\/wp-includes\/js\/wp-embed.min.js\n\/* ]]> *\/\n<\/script>\n","thumbnail_url":"https:\/\/mediterra.group\/wp-content\/uploads\/2016\/03\/023.jpg","thumbnail_width":1170,"thumbnail_height":877,"description":"Mediterra Proje Y\u00f6netimi ekibi Hollanda&#8217;n\u0131n Utrecht kentinde d\u00fczenlenen prestijli Emigration Expo&#8217;ya kat\u0131ld\u0131. Etkinlikteki stand\u0131m\u0131z\u0131 ziyaret edenlere kapsaml\u0131 hizmetlerimizi sunma ve Kuzey K\u0131br\u0131s&#8217;\u0131n faydalar\u0131n\u0131 payla\u015fma f\u0131rsat\u0131 bulduk. Farkl\u0131 k\u00fclt\u00fcrlerin ve geleneklerin var oldu\u011fu bir d\u00fcnyada, Kuzey K\u0131br\u0131s&#8217;\u0131 Hollanda&#8217;ya ilk tan\u0131tan \u00fclke olman\u0131n mutlulu\u011funu ya\u015f\u0131yoruz. Hollanda&#8217;da yeni projelerimizi pazara sunmaya ba\u015flaman\u0131n heyecan\u0131n\u0131 ya\u015f\u0131yoruz"}

Hollanda Fuarı: Emigratiebeurs'deydik! - Mediterra Group

<blockquote class="wp-embedded-content" data-secret="xGIi1Av6qB"><a href="https://mediterra.group/tr/hollanda-fuari-emigratiebeursdeydik/">Hollanda Fuarı: Emigratiebeurs&#8217;deydik!</a></blockquote><iframe sandbox="allow-scripts" security="restricted" src="https://mediterra.group/tr/hollanda-fuari-emigratiebeursdeydik/embed/#?secret=xGIi1Av6qB" width="600" height="338" title="&#8220;Hollanda Fuarı: Emigratiebeurs&#8217;deydik!&#8221; &#8212; Mediterra Group" data-secret="xGIi1Av6qB" frameborder="0" marginwidth="0" marginheight="0" scrolling="no" class="wp-embedded-content"></iframe><script type="text/javascript">
/* <![CDATA[ */
/*! This file is auto-generated */
!function(d,l){"use strict";l.querySelector&&d.addEventListener&&"undefined"!=typeof URL&&(d.wp=d.wp||{},d.wp.receiveEmbedMessage||(d.wp.receiveEmbedMessage=function(e){var t=e.data;if((t||t.secret||t.message||t.value)&&!/[^a-zA-Z0-9]/.test(t.secret)){for(var s,r,n,a=l.querySelectorAll('iframe[data-secret="'+t.secret+'"]'),o=l.querySelectorAll('blockquote[data-secret="'+t.secret+'"]'),c=new RegExp("^https?:$","i"),i=0;i<o.length;i++)o[i].style.display="none";for(i=0;i<a.length;i++)s=a[i],e.source===s.contentWindow&&(s.removeAttribute("style"),"height"===t.message?(1e3<(r=parseInt(t.value,10))?r=1e3:~~r<200&&(r=200),s.height=r):"link"===t.message&&(r=new URL(s.getAttribute("src")),n=new URL(t.value),c.test(n.protocol))&&n.host===r.host&&l.activeElement===s&&(d.top.location.href=t.value))}},d.addEventListener("message",d.wp.receiveEmbedMessage,!1),l.addEventListener("DOMContentLoaded",function(){for(var e,t,s=l.querySelectorAll("iframe.wp-embedded-content"),r=0;r<s.length;r++)(t=(e=s[r]).getAttribute("data-secret"))||(t=Math.random().toString(36).substring(2,12),e.src+="#?secret="+t,e.setAttribute("data-secret",t)),e.contentWindow.postMessage({message:"ready",secret:t},"*")},!1)))}(window,document);
//# sourceURL=https://mediterra.group/wp-includes/js/wp-embed.min.js
/* ]]> */
</script>

Mediterra Proje Yönetimi ekibi Hollanda&#8217;nın Utrecht kentinde düzenlenen prestijli Emigration Expo&#8217;ya katıldı. Etkinlikteki standımızı ziyaret edenlere kapsamlı hizmetlerimizi sunma ve Kuzey Kıbrıs&#8217;ın faydalarını paylaşma fırsatı bulduk. Farklı kültürlerin ve geleneklerin var olduğu bir dünyada, Kuzey Kıbrıs&#8217;ı Hollanda&#8217;ya ilk tanıtan ülke olmanın mutluluğunu yaşıyoruz. Hollanda&#8217;da yeni projelerimizi pazara sunmaya başlamanın heyecanını yaşıyoruz
