{"version":"1.0","provider_name":"Mediterra Group","provider_url":"https:\/\/mediterra.group\/de\/","author_name":"prfj","author_url":"https:\/\/mediterra.group\/de\/author\/prfj\/","title":"Das Vermietungspotenzial von Wohnungen am Meer in Nordzypern - Mediterra Group","type":"rich","width":600,"height":338,"html":"<blockquote class=\"wp-embedded-content\" data-secret=\"CcMMlqbOQi\"><a href=\"https:\/\/mediterra.group\/de\/das-vermietungspotenzial-von-wohnungen-am-meer-in-nordzypern\/\">Das Vermietungspotenzial von Wohnungen am Meer in Nordzypern<\/a><\/blockquote><iframe sandbox=\"allow-scripts\" security=\"restricted\" src=\"https:\/\/mediterra.group\/de\/das-vermietungspotenzial-von-wohnungen-am-meer-in-nordzypern\/embed\/#?secret=CcMMlqbOQi\" width=\"600\" height=\"338\" title=\"&#8222;Das Vermietungspotenzial von Wohnungen am Meer in Nordzypern&#8220; &#8211; Mediterra Group\" data-secret=\"CcMMlqbOQi\" frameborder=\"0\" marginwidth=\"0\" marginheight=\"0\" scrolling=\"no\" class=\"wp-embedded-content\"><\/iframe><script type=\"text\/javascript\">\n\/* <![CDATA[ *\/\n\/*! This file is auto-generated *\/\n!function(d,l){\"use strict\";l.querySelector&&d.addEventListener&&\"undefined\"!=typeof URL&&(d.wp=d.wp||{},d.wp.receiveEmbedMessage||(d.wp.receiveEmbedMessage=function(e){var t=e.data;if((t||t.secret||t.message||t.value)&&!\/[^a-zA-Z0-9]\/.test(t.secret)){for(var s,r,n,a=l.querySelectorAll('iframe[data-secret=\"'+t.secret+'\"]'),o=l.querySelectorAll('blockquote[data-secret=\"'+t.secret+'\"]'),c=new RegExp(\"^https?:$\",\"i\"),i=0;i<o.length;i++)o[i].style.display=\"none\";for(i=0;i<a.length;i++)s=a[i],e.source===s.contentWindow&&(s.removeAttribute(\"style\"),\"height\"===t.message?(1e3<(r=parseInt(t.value,10))?r=1e3:~~r<200&&(r=200),s.height=r):\"link\"===t.message&&(r=new URL(s.getAttribute(\"src\")),n=new URL(t.value),c.test(n.protocol))&&n.host===r.host&&l.activeElement===s&&(d.top.location.href=t.value))}},d.addEventListener(\"message\",d.wp.receiveEmbedMessage,!1),l.addEventListener(\"DOMContentLoaded\",function(){for(var e,t,s=l.querySelectorAll(\"iframe.wp-embedded-content\"),r=0;r<s.length;r++)(t=(e=s[r]).getAttribute(\"data-secret\"))||(t=Math.random().toString(36).substring(2,12),e.src+=\"#?secret=\"+t,e.setAttribute(\"data-secret\",t)),e.contentWindow.postMessage({message:\"ready\",secret:t},\"*\")},!1)))}(window,document);\n\/\/# sourceURL=https:\/\/mediterra.group\/wp-includes\/js\/wp-embed.min.js\n\/* ]]> *\/\n<\/script>\n","thumbnail_url":"https:\/\/mediterra.group\/wp-content\/uploads\/2025\/07\/pm-kapak-gorsel-result17442766238331g9mgc.webp","thumbnail_width":626,"thumbnail_height":470,"description":"Warum Nordzypern Zypern empf\u00e4ngt eine st\u00e4ndig wachsende Zahl von Touristen und von Menschen, die sich f\u00fcr einen Teil des Jahres oder dauerhaft hier niederlassen m\u00f6chten. Die Insel liegt an der Kreuzung von drei Kontinenten, n\u00e4mlich Europa, Asien und Afrika, und spiegelt diese faszinierende Mischung aus reicher Geschichte, Kulturen und Einfl\u00fcssen wider. Seit Tausenden von Jahren [&hellip;]"}

Warum Nordzypern Zypern empfängt eine ständig wachsende Zahl von Touristen und von Menschen, die sich für einen Teil des Jahres oder dauerhaft hier niederlassen möchten. Die Insel liegt an der Kreuzung von drei Kontinenten, nämlich Europa, Asien und Afrika, und spiegelt diese faszinierende Mischung aus reicher Geschichte, Kulturen und Einflüssen wider. Seit Tausenden von Jahren [&hellip;]
